 3*x. What is the remainder when p(11) is divided by k?
0
Let c be ((-3)/4 - 0)*(0 + 56). What is the remainder when (-14)/c*-1*(-1 - 77) is divided by 7?
5
Let y(v) be the first derivative of 8 + 12*v - 1/2*v**2. Calculate the remainder when y(5) is divided by 2.
1
Calculate the remainder when ((-7)/(21 + -14))/((-2)/842) is divided by 16.
5
Suppose 18*z = -28*z + 828. Calculate the remainder when 35 is divided by z.
17
Suppose -3*o = 28 - 253. Let u(q) = 18*q**2 + 1. Let h = -3 - -4. Calculate the remainder when o is divided by u(h).
18
What is the remainder when 4 + 792/(-4 + 10) is divided by 28?
24
Suppose -676*u + 672*u = -232. What is the remainder when u is divided by 2?
0
Let m(s) = -20*s + 3. Let x(b) = -b**3 + 33*b**2 + 5*b - 148. What is the remainder when m(-3) is divided by x(33)?
12
Suppose 5*c - 550 = 3*o + 269, 4*o = -4*c + 668. Calculate the remainder when c is divided by 57.
51
Let s = -18 + 21. Suppose 4*q - 9 - 31 = s*k, -k = 0. Suppose -3*f = 4*n - 0*n - 121, -82 = -2*f - 4*n. What is the remainder when f is divided by q?
9
Let k(q) = -5*q. Let d be k(-1). Let i = -10 - -13. Suppose -3 + 57 = i*b - 2*s, 90 = d*b - s. Calculate the remainder when 33 is divided by b.
15
Suppose 2*w - 20 = -6. What is the remainder when 4/(-14) - (-270)/14 is divided by w?
5
Suppose 7*o - 3 = 6*o, 5*o = 4*z - 133. Calculate the remainder when 212 is divided by z.
27
Let g(k) = -46*k**3 - 2*k**2 + 1. Let q be g(-1). Suppose 2*o - q = 5*a, 4*a = o - a - 35. What is the remainder when o is divided by 5?
0
Let n = -14 + 0. Calculate the remainder when n/21 - (-89)/3 is divided by 17 + (-1 - (-1 - -2)).
14
Let t be (-2*6/(-4) - 1) + -6. Let z(h) = -2*h**3 - 4*h**2 + 6*h + 7. Calculate the remainder when z(t) is divided by 17.
13
Let w = 6 - -1. What is the remainder when 33 is divided by w?
5
Suppose 4*i = -3*b + 95, -4*b - 3*i = 2*i - 125. Let f(s) = -s**2 + 6*s + 7. Calculate the remainder when b is divided by f(6).
4
Suppose -3*y + 25 = -5*x, 0 = 2*x - y + 4 + 6. Let t(z) be the first derivative of -3*z**2/2 + 6*z - 1. Calculate the remainder when 39 is divided by t(x).
18
Let c = -371 + 430. What is the remainder when c is divided by 25?
9
Suppose 0 = -3*k - 2*i + 1621, -k - 3*i - 81 + 626 = 0. Calculate the remainder when k is divided by 45.
44
Let p = -284 - -357. Calculate the remainder when p is divided by 37.
36
Suppose -4*h = 3*k - 19, h - k + 2*k = 6. Suppose -2*y + 6*y + 71 = w, -62 = -w + y. Calculate the remainder when w is divided by (2/(-4))/(h/(-30)).
14
Calculate the remainder when 26 is divided by 16/(-36) + (-336)/(-27).
2
Let q(k) = k**3 - 16*k**2 - 16*k - 19. Let g be q(17). What is the remainder when ((-1)/g)/((-1)/(-144)) is divided by 19?
15
Suppose 4*s - 264 = 2*s. What is the remainder when s is divided by (0 - (-102)/(-4))*(-184)/138?
30
Let s = 18 - 12. Calculate the remainder when 92 is divided by (-498)/(-30) + s/(-10).
12
Let p(a) = -a**3 - a**2 - 1. Let n(w) = 3*w**3 + 11*w**2 + 20*w + 3. Let q(g) = n(g) + 4*p(g). Calculate the remainder when 30 is divided by q(9).
13
Suppose 6398 = 5*t + 2*g, 2*t - 8*g - 2568 = -11*g. Calculate the remainder when t is divided by 16.
14
Let t = 6 - -1. Suppose 5*a - 22 + t = 0, 2*k = a + 47. What is the remainder when k is divided by (5 - 3)/2 + 6?
4
Suppose -o - 148 = -3*o. Let y(a) = -2 + 1 - 1 + 6 - a. Calculate the remainder when o is divided by y(-15).
17
Let p(l) = -36*l + 1. Let n(c) = 144*c - 4. Let g(s) = 2*n(s) + 9*p(s). Let b be g(-1). Let f = b + -22. Calculate the remainder when 57 is divided by f.
12
Suppose 2*c - 8 = -2*c. Suppose -4*b + 104 = 3*d, c*b - 49 + 11 = -5*d. Calculate the remainder when 55 is divided by b.
26
Let q(n) = n**3 - 7*n**2 - 9*n + 21. Calculate the remainder when ((-2)/(-2))/(1/37) is divided by q(8).
11
Let l(i) = -2*i**2 + 34*i + 24. Suppose -25*s + 140 = -11*s. Calculate the remainder when l(16) is divided by s.
6
Let o = -66 + 71. Suppose -i + 4*k = -o*i + 116, 5*i - 115 = k. Calculate the remainder when i is divided by (-78)/9*(-9)/6.
11
Suppose 318 = 8*m - 2. What is the remainder when m is divided by 7/((9/2)/9)?
12
Suppose -5*j + 11 = -s + 71, 0 = 4*s - 3*j - 189. Suppose -4*b - 77 = -f, 5*b - 3*f + s = -60. What is the remainder when ((-6)/b)/(2/114) is divided by 11?
8
Let l(p) = 7*p + 50. Let y be 3/(-2) - (-98)/4. Let n = y - 11. Calculate the remainder when l(-4) is divided by n.
10
Let h(t) = 6*t**2 - 2*t + 1. What is the remainder when 228 is divided by h(1)?
3
Suppose -90 = -5*c + 5*h, 2*c + 2*h - 63 = -15. What is the remainder when 97 is divided by c?
13
Let x(k) = -k**2 - 9*k + 543. What is the remainder when 156 is divided by x(-27)?
42
Let k(g) = -3*g + 127. Let w be 723/(-9) - 1/(-3). Let h = -41 - w. What is the remainder when h is divided by k(39)?
9
What is the remainder when 4/26 - (-6823)/13 is divided by 33?
30
Suppose -5*r + 65 = h - 3*r, 0 = 4*h + r - 225. Calculate the remainder when h is divided by 12.
7
Suppose 3*j - 14*a + 12*a - 101 = 0, -3*a + 19 = j. What is the remainder when 70 is divided by j?
8
Suppose 4*c - y + 276 = -5*y, c - 4*y = -84. Suppose -2101 = -17*h - 333. Let f = c + h. Calculate the remainder when f is divided by 17.
15
Suppose 0 = 4*w, 3*o - 4*o - 2*w + 11 = 0. Suppose -o = -2*u + 21. What is the remainder when 94 is divided by u?
14
Let a(j) = j**2 - 2*j + 2. Let q be (-1791)/(-15) + -4 - 6/(-10). Let y = q - 112. What is the remainder when a(4) is divided by y?
2
Let i = -58 - -9. Let v = 64 + i. What is the remainder when (88/(-10))/(1/(-5)) is divided by v?
14
Let p = -672 - -717. What is the remainder when 114 is divided by p?
24
Suppose -7*g + j = -2*g - 305, -3*g + j = -181. Calculate the remainder when 110 is divided by g.
48
Let t be 1 - 1*(0 - (0 + 1)). Suppose 4*d = a + 66, d - 2 - 18 = t*a. What is the remainder when 45 is divided by d?
13
Suppose -8 = -v - 2*m, 4*v + 0*v - 5*m = 6. Suppose -135 = -3*l + 3*q, v*l + 3*q - 166 = -0*l. Calculate the remainder when l is divided by 11.
10
Suppose 48 = -6*p + 10*p. Calculate the remainder when 88 is divided by p.
4
Let p = 23 + -2. Suppose 7 = 2*w - 3*j - 5, -3*w + 3*j + p = 0. Suppose w = k + 1. Calculate the remainder when k is divided by 3.
2
Let o = -1000 - -1086. Calculate the remainder when 191 is divided by o.
19
Suppose -251 + 290 = 3*w. What is the remainder when 46 is divided by w?
7
Suppose -7*y + 4 = -6*y. Suppose -3*p = 5*x + 23, -9 + 25 = -5*x + 4*p. Let g(u) = u**3 + 4*u**2 - 6*u - 10. What is the remainder when g(x) is divided by y?
2
Let b = 54 - -73. Calculate the remainder when b is divided by 22.
17
Suppose 0 = 3*u - 8*u. Suppose 116 = 4*p + 5*t, 5*p + 2*t = -0*t + 145. Suppose x - p = -u*x. Calculate the remainder when x is divided by 8.
5
Let a(u) = 9*u + 1 + u + 2*u. Let h(s) = -s. Let q(f) = a(f) + 2*h(f). Calculate the remainder when q(4) is divided by 15.
11
Let h = 42 + -39. Suppose -h*k = 4*k - 322. Let l = 36 + -20. Calculate the remainder when k is divided by l.
14
Let r = -74 - -43. Let y = -18 - r. What is the remainder when 53 is divided by y - (2 - (-3)/(-1))?
11
Let l = -35 - -71. Let d = 67 - l. Calculate the remainder when d is divided by 8.
7
Let c(j) = -11*j + 10. Let g = 25 - 37. What is the remainder when c(g) is divided by 36?
34
Suppose -4*q + 74 = 2*m, -3*m - q = -2*q - 125. Suppose 0 = 5*b - 4*y, 0 = b - 4*b + 3*y. Calculate the remainder when m is divided by 16 - (-1 + b)*-2.
13
Let r(m) = -m**2 - 14*m - 40. What is the remainder when 19 is divided by r(-5)?
4
Suppose g + 4*v = 60, -v - 278 = -5*g + v. Let l = g - 8. Calculate the remainder when 191 is divided by l.
47
Suppose -5*n - 8*j + 855 = -3*j, j + 357 = 2*n. Calculate the remainder when n is divided by 24.
8
Calculate the remainder when (-120)/(-80)*(301 - -1) is divided by 76.
73
Let f = 213 + -89. What is the remainder when f/(-24) + 5 - (-73)/6 is divided by 7?
5
Let y be ((-2)/10)/((-6)/120). Suppose -y*b = -50 - 122. Suppose -g + 36 = 3*d - 11, -3*d - 4*g = -53. What is the remainder when b is divided by d?
13
Let j be 2 + -3 + 0 + 0. Let s be ((-33)/44)/(j/(-4)). Let t(a) = a**3 + 5*a**2 + 2*a - 2. What is the remainder when 37 is divided by t(s)?
7
Suppose 3*v - 2*v + 32 = 0. Let g = 37 + v. Calculate the remainder whe